[INFO] fetching crate sonya-meta 0.4.2...
[INFO] checking sonya-meta-0.4.2 against master#e6e4f7ed1589e03bc2f6c5931c1a72e7947e8682 for beta-170-4
[INFO] extracting crate sonya-meta 0.4.2 into /workspace/builds/worker-5-tc2/source
[INFO] validating manifest of crates.io crate sonya-meta 0.4.2 on toolchain e6e4f7ed1589e03bc2f6c5931c1a72e7947e8682
[INFO] running `Command { std: CARGO_HOME="/workspace/cargo-home" RUSTUP_HOME="/workspace/rustup-home" "/workspace/cargo-home/bin/cargo" "+e6e4f7ed1589e03bc2f6c5931c1a72e7947e8682" "metadata" "--manifest-path" "Cargo.toml" "--no-deps", kill_on_drop: false }`
[INFO] started tweaking crates.io crate sonya-meta 0.4.2
[INFO] finished tweaking crates.io crate sonya-meta 0.4.2
[INFO] tweaked toml for crates.io crate sonya-meta 0.4.2 written to /workspace/builds/worker-5-tc2/source/Cargo.toml
[INFO] running `Command { std: CARGO_HOME="/workspace/cargo-home" RUSTUP_HOME="/workspace/rustup-home" __CARGO_TEST_CHANNEL_OVERRIDE_DO_NOT_USE_THIS="nightly" "/workspace/cargo-home/bin/cargo" "+e6e4f7ed1589e03bc2f6c5931c1a72e7947e8682" "generate-lockfile" "--manifest-path" "Cargo.toml" "-Zno-index-update", kill_on_drop: false }`
[INFO] running `Command { std: CARGO_HOME="/workspace/cargo-home" RUSTUP_HOME="/workspace/rustup-home" "/workspace/cargo-home/bin/cargo" "+e6e4f7ed1589e03bc2f6c5931c1a72e7947e8682" "fetch" "--manifest-path" "Cargo.toml", kill_on_drop: false }`
[INFO] running `Command { std: "docker" "create" "-v" "/var/lib/crater-agent-workspace/builds/worker-5-tc2/target:/opt/rustwide/target:rw,Z" "-v" "/var/lib/crater-agent-workspace/builds/worker-5-tc2/source:/opt/rustwide/workdir:ro,Z" "-v" "/var/lib/crater-agent-workspace/cargo-home:/opt/rustwide/cargo-home:ro,Z" "-v" "/var/lib/crater-agent-workspace/rustup-home:/opt/rustwide/rustup-home:ro,Z" "-e" "SOURCE_DIR=/opt/rustwide/workdir" "-e" "CARGO_TARGET_DIR=/opt/rustwide/target" "-e" "CARGO_HOME=/opt/rustwide/cargo-home" "-e" "RUSTUP_HOME=/opt/rustwide/rustup-home" "-w" "/opt/rustwide/workdir" "-m" "1610612736" "--user" "0:0" "--network" "none" "ghcr.io/rust-lang/crates-build-env/linux@sha256:19e73879b68f455e41552ea35293514db52ea292d993f571636dbffedb77a1ee" "/opt/rustwide/cargo-home/bin/cargo" "+e6e4f7ed1589e03bc2f6c5931c1a72e7947e8682" "metadata" "--no-deps" "--format-version=1", kill_on_drop: false }`
[INFO] [stdout] 95af4bad06efcde0afad97ccf9402fcd34c7e5ef02c044cd03c52bd81619c623
[INFO] running `Command { std: "docker" "start" "-a" "95af4bad06efcde0afad97ccf9402fcd34c7e5ef02c044cd03c52bd81619c623", kill_on_drop: false }`
[INFO] running `Command { std: "docker" "inspect" "95af4bad06efcde0afad97ccf9402fcd34c7e5ef02c044cd03c52bd81619c623", kill_on_drop: false }`
[INFO] running `Command { std: "docker" "rm" "-f" "95af4bad06efcde0afad97ccf9402fcd34c7e5ef02c044cd03c52bd81619c623", kill_on_drop: false }`
[INFO] [stdout] 95af4bad06efcde0afad97ccf9402fcd34c7e5ef02c044cd03c52bd81619c623
[INFO] running `Command { std: "docker" "create" "-v" "/var/lib/crater-agent-workspace/builds/worker-5-tc2/target:/opt/rustwide/target:rw,Z" "-v" "/var/lib/crater-agent-workspace/builds/worker-5-tc2/source:/opt/rustwide/workdir:ro,Z" "-v" "/var/lib/crater-agent-workspace/cargo-home:/opt/rustwide/cargo-home:ro,Z" "-v" "/var/lib/crater-agent-workspace/rustup-home:/opt/rustwide/rustup-home:ro,Z" "-e" "SOURCE_DIR=/opt/rustwide/workdir" "-e" "CARGO_TARGET_DIR=/opt/rustwide/target" "-e" "CARGO_INCREMENTAL=0" "-e" "RUST_BACKTRACE=full" "-e" "RUSTFLAGS=--cap-lints=forbid" "-e" "RUSTDOCFLAGS=--cap-lints=forbid" "-e" "CARGO_HOME=/opt/rustwide/cargo-home" "-e" "RUSTUP_HOME=/opt/rustwide/rustup-home" "-w" "/opt/rustwide/workdir" "-m" "1610612736" "--user" "0:0" "--network" "none" "ghcr.io/rust-lang/crates-build-env/linux@sha256:19e73879b68f455e41552ea35293514db52ea292d993f571636dbffedb77a1ee" "/opt/rustwide/cargo-home/bin/cargo" "+e6e4f7ed1589e03bc2f6c5931c1a72e7947e8682" "check" "--frozen" "--all" "--all-targets" "--message-format=json", kill_on_drop: false }`
[INFO] [stdout] e7e8b11da022e8abef6994146d5438af9d695fed05839ba2abcf4c7ceeaf6a20
[INFO] running `Command { std: "docker" "start" "-a" "e7e8b11da022e8abef6994146d5438af9d695fed05839ba2abcf4c7ceeaf6a20", kill_on_drop: false }`
[INFO] [stderr]     Checking once_cell v1.17.2
[INFO] [stderr]    Compiling libc v0.2.144
[INFO] [stderr]    Compiling tokio v1.28.2
[INFO] [stderr]     Checking parking_lot_core v0.9.7
[INFO] [stderr]     Checking signal-hook-registry v1.4.1
[INFO] [stderr]     Checking socket2 v0.4.9
[INFO] [stderr]    Compiling futures-task v0.3.28
[INFO] [stderr]     Checking getrandom v0.2.9
[INFO] [stderr]     Checking mio v0.8.8
[INFO] [stderr]    Compiling futures-util v0.3.28
[INFO] [stderr]    Compiling syn v1.0.109
[INFO] [stderr]    Compiling paste v1.0.12
[INFO] [stderr]    Compiling memchr v2.5.0
[INFO] [stderr]     Checking local-waker v0.1.3
[INFO] [stderr]     Checking alloc-no-stdlib v2.0.4
[INFO] [stderr]    Compiling zstd-safe v6.0.5+zstd.1.5.4
[INFO] [stderr]    Compiling crc32fast v1.3.2
[INFO] [stderr]     Checking tracing-core v0.1.31
[INFO] [stderr]    Compiling bytes v1.4.0
[INFO] [stderr]     Checking rand_core v0.6.4
[INFO] [stderr]     Checking parking_lot v0.12.1
[INFO] [stderr]     Checking alloc-stdlib v0.2.2
[INFO] [stderr]    Compiling log v0.4.18
[INFO] [stderr]    Compiling ahash v0.8.3
[INFO] [stderr]    Compiling regex-syntax v0.7.2
[INFO] [stderr]    Compiling itoa v1.0.6
[INFO] [stderr]    Compiling pin-project-lite v0.2.9
[INFO] [stderr]    Compiling time-core v0.1.1
[INFO] [stderr]     Checking brotli-decompressor v2.3.4
[INFO] [stderr]    Compiling time-macros v0.2.9
[INFO] [stderr]     Checking tracing v0.1.37
[INFO] [stderr]    Compiling aho-corasick v1.0.1
[INFO] [stderr]     Checking miniz_oxide v0.7.1
[INFO] [stderr]     Checking rand_chacha v0.3.1
[INFO] [stderr]    Compiling http v0.2.9
[INFO] [stderr]    Compiling bytestring v1.3.0
[INFO] [stderr]    Compiling jobserver v0.1.26
[INFO] [stderr]     Checking actix-utils v3.0.1
[INFO] [stderr]    Compiling serde v1.0.163
[INFO] [stderr]    Compiling cookie v0.16.2
[INFO] [stderr]    Compiling cc v1.0.79
[INFO] [stderr]    Compiling ahash v0.7.6
[INFO] [stderr]    Compiling convert_case v0.4.0
[INFO] [stderr]     Checking sha1 v0.10.5
[INFO] [stderr]     Checking actix-service v2.0.2
[INFO] [stderr]     Checking chrono v0.4.26
[INFO] [stderr]     Checking flate2 v1.0.26
[INFO] [stderr]     Checking rand v0.8.5
[INFO] [stderr]     Checking brotli v3.3.4
[INFO] [stderr]     Checking num_cpus v1.15.0
[INFO] [stderr]     Checking linked-hash-map v0.5.6
[INFO] [stderr]     Checking language-tags v0.3.2
[INFO] [stderr]    Compiling openssl v0.10.53
[INFO] [stderr]     Checking pem v0.8.3
[INFO] [stderr]     Checking yaml-rust v0.4.5
[INFO] [stderr]     Checking actix-router v0.5.1
[INFO] [stderr]     Checking env_logger v0.9.3
[INFO] [stderr]     Checking serde_yaml v0.8.26
[INFO] [stderr]     Checking local-channel v0.1.3
[INFO] [stderr]     Checking simple_asn1 v0.4.1
[INFO] [stderr]     Checking time v0.3.21
[INFO] [stderr]    Compiling zstd-sys v2.0.8+zstd.1.5.5
[INFO] [stderr]    Compiling openssl-sys v0.9.88
[INFO] [stderr]    Compiling ring v0.16.20
[INFO] [stderr]    Compiling regex v1.8.3
[INFO] [stderr]     Checking tokio-util v0.7.8
[INFO] [stderr]     Checking actix-rt v2.8.0
[INFO] [stderr]     Checking actix-server v2.2.0
[INFO] [stderr]     Checking h2 v0.3.19
[INFO] [stderr]     Checking actix-codec v0.5.1
[INFO] [stderr]    Compiling derive_more v0.99.17
[INFO] [stderr]    Compiling actix-web-codegen v4.2.0
[INFO] [stderr]    Compiling actix-macros v0.2.3
[INFO] [stderr]     Checking jsonwebtoken v7.2.0
[INFO] [stderr]     Checking zstd v0.12.3+zstd.1.5.2
[INFO] [stderr]     Checking actix-http v3.3.1
[INFO] [stderr]     Checking actix-web v4.3.1
[INFO] [stderr]     Checking sonya-meta v0.4.2 (/opt/rustwide/workdir)
[INFO] [stdout] error[E0308]: mismatched types
[INFO] [stdout]    --> src/api.rs:100:30
[INFO] [stdout]     |
[INFO] [stdout] 100 |         extract_access_token(head)
[INFO] [stdout]     |         -------------------- ^^^^ expected `&RequestHead`, found `&GuardContext<'_>`
[INFO] [stdout]     |         |
[INFO] [stdout]     |         arguments to this function are incorrect
[INFO] [stdout]     |
[INFO] [stdout]     = note: expected reference `&RequestHead`
[INFO] [stdout]                found reference `&GuardContext<'_>`
[INFO] [stdout] note: function defined here
[INFO] [stdout]    --> src/api.rs:127:4
[INFO] [stdout]     |
[INFO] [stdout] 127 | fn extract_access_token(head: &RequestHead) -> Option<String> {
[INFO] [stdout]     |    ^^^^^^^^^^^^^^^^^^^^ ------------------
[INFO] [stdout] 
[INFO] [stdout] 
[INFO] [stdout] error[E0308]: mismatched types
[INFO] [stdout]    --> src/api.rs:100:30
[INFO] [stdout]     |
[INFO] [stdout] 100 |         extract_access_token(head)
[INFO] [stdout]     |         -------------------- ^^^^ expected `&RequestHead`, found `&GuardContext<'_>`
[INFO] [stdout]     |         |
[INFO] [stdout]     |         arguments to this function are incorrect
[INFO] [stdout]     |
[INFO] [stdout]     = note: expected reference `&RequestHead`
[INFO] [stdout]                found reference `&GuardContext<'_>`
[INFO] [stdout] note: function defined here
[INFO] [stdout]    --> src/api.rs:127:4
[INFO] [stdout]     |
[INFO] [stdout] 127 | fn extract_access_token(head: &RequestHead) -> Option<String> {
[INFO] [stdout]     |    ^^^^^^^^^^^^^^^^^^^^ ------------------
[INFO] [stdout] 
[INFO] [stdout] 
[INFO] [stdout] error[E0308]: mismatched types
[INFO] [stdout]    --> src/api.rs:109:30
[INFO] [stdout]     |
[INFO] [stdout] 109 |         extract_access_token(head)
[INFO] [stdout]     |         -------------------- ^^^^ expected `&RequestHead`, found `&GuardContext<'_>`
[INFO] [stdout]     |         |
[INFO] [stdout]     |         arguments to this function are incorrect
[INFO] [stdout]     |
[INFO] [stdout]     = note: expected reference `&RequestHead`
[INFO] [stdout]                found reference `&GuardContext<'_>`
[INFO] [stdout] note: function defined here
[INFO] [stdout]    --> src/api.rs:127:4
[INFO] [stdout]     |
[INFO] [stdout] 127 | fn extract_access_token(head: &RequestHead) -> Option<String> {
[INFO] [stdout]     |    ^^^^^^^^^^^^^^^^^^^^ ------------------
[INFO] [stdout] 
[INFO] [stdout] 
[INFO] [stdout] error[E0308]: mismatched types
[INFO] [stdout]    --> src/api.rs:109:30
[INFO] [stdout]     |
[INFO] [stdout] 109 |         extract_access_token(head)
[INFO] [stdout]     |         -------------------- ^^^^ expected `&RequestHead`, found `&GuardContext<'_>`
[INFO] [stdout]     |         |
[INFO] [stdout]     |         arguments to this function are incorrect
[INFO] [stdout]     |
[INFO] [stdout]     = note: expected reference `&RequestHead`
[INFO] [stdout]                found reference `&GuardContext<'_>`
[INFO] [stdout] note: function defined here
[INFO] [stdout]    --> src/api.rs:127:4
[INFO] [stdout]     |
[INFO] [stdout] 127 | fn extract_access_token(head: &RequestHead) -> Option<String> {
[INFO] [stdout]     |    ^^^^^^^^^^^^^^^^^^^^ ------------------
[INFO] [stdout] 
[INFO] [stdout] 
[INFO] [stdout] error[E0609]: no field `uri` on type `&GuardContext<'_>`
[INFO] [stdout]    --> src/api.rs:118:26
[INFO] [stdout]     |
[INFO] [stdout] 118 |                     head.uri
[INFO] [stdout]     |                          ^^^ unknown field
[INFO] [stdout] 
[INFO] [stdout] 
[INFO] [stdout] error[E0609]: no field `uri` on type `&GuardContext<'_>`
[INFO] [stdout]    --> src/api.rs:118:26
[INFO] [stdout]     |
[INFO] [stdout] 118 |                     head.uri
[INFO] [stdout]     |                          ^^^ unknown field
[INFO] [stdout] 
[INFO] [stdout] 
[INFO] [stdout] error: aborting due to 3 previous errors
[INFO] [stdout] 
[INFO] [stdout] 
[INFO] [stdout] Some errors have detailed explanations: E0308, E0609.
[INFO] [stdout] 
[INFO] [stdout] For more information about an error, try `rustc --explain E0308`.
[INFO] [stdout] 
[INFO] [stdout] error: aborting due to 3 previous errors
[INFO] [stdout] 
[INFO] [stdout] 
[INFO] [stdout] Some errors have detailed explanations: E0308, E0609.
[INFO] [stdout] 
[INFO] [stdout] For more information about an error, try `rustc --explain E0308`.
[INFO] [stdout] 
[INFO] [stderr] error: could not compile `sonya-meta` (lib) due to 4 previous errors
[INFO] [stderr] warning: build failed, waiting for other jobs to finish...
[INFO] [stderr] error: could not compile `sonya-meta` (lib test) due to 4 previous errors
[INFO] running `Command { std: "docker" "inspect" "e7e8b11da022e8abef6994146d5438af9d695fed05839ba2abcf4c7ceeaf6a20", kill_on_drop: false }`
[INFO] running `Command { std: "docker" "rm" "-f" "e7e8b11da022e8abef6994146d5438af9d695fed05839ba2abcf4c7ceeaf6a20", kill_on_drop: false }`
[INFO] [stdout] e7e8b11da022e8abef6994146d5438af9d695fed05839ba2abcf4c7ceeaf6a20
